5 - -3
1
(48 - 61) + -1 + 8 - -10
4
Evaluate 6 - (0 + 0 + -6 + 2).
10
What is the value of (-3 - (0 - 1)) + (0 - -1)?
-1
What is -10 + 4 - (-20 + 13)?
1
Calculate (-4 - -1) + (4 - -3) - 1.
3
(-6 - 3) + 4 + 6
1
What is -219 - -233 - (0 - -21)?
-7
What is 35 + -37 - (-1 + 4)?
-5
Calculate 2 + (2 - (1 - -5)).
-2
Calculate 2 - 3 - (-36 + 39).
-4
7 - (15 + -2 + -5)
-1
What is (6 - (-1 - -5)) + (-3 - 1)?
-2
What is 5 + 8 + -19 + -3?
-9
What is the value of 2 + (0 - 4) + 1 + -3?
-4
Calculate -12 - (-1 + -2 + -4).
-5
What is the value of 3 - -9 - 6 - 3?
3
Evaluate (-18 - -17) + (0 - -3).
2
Evaluate 66 + -75 + 11 + 0.
2
Evaluate (-1 - 2) + (43 - 45).
-5
-3 - -7 - 1 - (8 + 0)
-5
-4 + 8 + -6 + 5
3
What is the value of 5 + 1 + -7 - (1 - 5)?
3
What is (15 - 2) + (18 - 26)?
5
What is -2 - (1 + -3 + -4)?
4
What is the value of 5 + (-6 + 6 + -1 - 3)?
1
-8 + 4 + 5 - 1
0
What is -15 + 15 + (2 + 0 - 1)?
1
Evaluate (-1 - 0) + 4 + (-273 - -272).
2
What is the value of -1 - -1 - (-5 - (1 + -1))?
5
(-1 - 2) + 4 + -4
-3
Evaluate (-25 + 8 - -11) + 6.
0
(7 - (4 - (6 - 1))) + -4
4
Calculate (-3 - -6 - (-3 + 9)) + -1.
-4
(13 - 1) + (-77 - -65)
0
What is the value of 4 - (4 - 0) - -5?
5
-1 + 1 - (-2 + -4 + 9)
-3
Calculate (-4 - (3 + -2 - 1)) + 4.
0
(0 - 0) + -1 + 2
1
-16 + 2 + (4 - -2)
-8
Evaluate 10 + 10 + -25 + 8 + -1.
2
What is the value of -2 - (-10 - (-21 + 11))?
-2
7 + 3 + -4 + 0
6
0 - (12 + -25 + 4)
9
What is the value of (0 + -2 - 0) + 3 + 1?
2
What is the value of 2 + 0 + (-2 - 1) - -3?
2
What is the value of -2 - 1 - (6 + -30 + 16)?
5
What is (-4 - (-4 + -1)) + 3 - 7?
-3
What is the value of 1 + (-8 + 7 - -4)?
4
What is the value of 3 - (3 + -7 + 6)?
1
What is (-1 - 1) + (4 - (6 - 2))?
-2
Evaluate -5 + -2 + (3 - -7).
3
-16 - (6 + -26) - (0 + 5)
-1
-8 + 3 - ((2 - 8) + -2)
3
Evaluate -38 + 42 + 0 + (-1 - 9).
-6
0 - ((0 - (-3 + 3)) + 1)
-1
Calculate 10 + (-8 - -1) - 6.
-3
What is the value of (5 - 2) + -1 + 0?
2
Evaluate -2 - (-4 - ((-4 - -1) + 1)).
0
-15 + (0 - (-8 - 0))
-7
What is (0 - 1) + (2 - 2) - 0?
-1
Calculate -10 + -5 + 11 - (1 + -1).
-4
What is -10 + 10 - (-4 + 3 + 1)?
0
Calculate -12 - -11 - (1 - -2) - -2.
-2
Calculate 4 + -4 + 0 + -4.
-4
Evaluate 2 + 8 + -16 + 4.
-2
What is (-19 - -22 - (0 - -1)) + -3?
-1
What is the value of 0 - ((-3 - -4 - -2) + -6)?
3
What is the value of (-6 - (-4 + 1)) + 2?
-1
What is 5 - -1 - -1 - 2 - 1?
4
4 + -6 - 6 - (0 - -3)
-11
What is the value of -2 + (-1 - (4 - 13))?
6
Evaluate (2 - 10) + 41 + -42 - -5.
-4
What is the value of 9 + (-1 - -5 - 9) + -4?
0
Calculate (-1 - 2) + 6 + -8.
-5
(-11 - -13) + 9 - 3
8
4 - (14 + -8) - 5
-7
5 + -5 + -5 - -1
-4
What is -4 + (2 - 6) + 4?
-4
Calculate -4 + (4 - (2 - 1)) + -1.
-2
What is the value of 6 + (-3 - ((-2 - 0) + 2))?
3
What is the value of (-1 - (-7 + 4)) + -1 + -2?
-1
2 - (4 + -5 - -4)
-1
(32 - 20) + (4 - 1 - 7)
8
-2 + (-4 - -14) + -4 - -1
5
What is 0 + -2 + (0 - (-5 + 1))?
2
What is the value of -1 + (0 - -5) + 14 + -14?
4
What is -4 + -9 + 6 - (-15 - 0)?
8
Calculate 3 + (12 - (14 + 0)).
1
What is -3 + (-1 - -3) - (12 + -7)?
-6
What is the value of -11 - (-3 - -3 - 8)?
-3
Calculate (5 - 9 - -1) + 1 + -1.
-3
What is the value of 0 - 4 - (7 + -12)?
1
What is the value of -11 + -16 + 25 + 2 + -7?
-7
Evaluate 5 + -6 + 3 + 1.
3
What is the value of 3 + 0 + 1 + (-4 - 0)?
0
Calculate (1 - -2) + 3 + -10.
-4
Evaluate -4 + 0 + (-5 + 1 - -6).
-2
Calculate 1 + -6 + (3 - 4) + 2.
-4
What is the value of 3 - 4 - (35 - 41)?
5
11 - (-7 + 17 + 4)
-3
What is 6 + (8 + -2 + -1 - 5)?
6
Calculate -9 - (4 + -11) - (0 - 5).
3
What is the value of 91 + -88 - ((-1 - -2) + -3)?
5
Evaluate (-34 - -42) + 1 + -3 - 1.
5
Evaluate (23 - 28) + 5 + -1.
-1
What is the value of -4 - ((-1 - 1) + (-7 - -1))?
4
Evaluate -1 + 0 - (-3 - -6).
-4
What is 8 + -4 - (-1 + (-2 - -3))?
4
What is the value of (-6 - 6) + 14 + (0 - 1)?
1
Evaluate -11 + 6 + (1 - -5).
1
Calculate -11 + 21 + -13 - -1.
-2
Evaluate 2 - 13 - (15 + -24).
-2
Calculate -3 + (0 - 4 - (10 - 12)).
-5
What is the value of 5 + (1 - (-6 - -9)) + -1?
2
Evaluate -9 - (-13 - (-18 - -9)).
-5
What is (3 - 5) + 5 + -4 - 4?
-5
What is the value of -4 - (2 + -3 + -2) - 2?
-3
-1 - (6 + 1 + 6 + -9)
-5
Calculate (-1 - -1) + 1 + -38 + 35.
-2
(6 - (2 + -5)) + -15
-6
Calculate 5 + 0 - (2 + -3).
6
Calculate -8 + (-3 - -2 - -5).
-4
What is the value of -1 + -2 - (-3 - (-6 - -7))?
1
What is the value of -5 + -6 - (11 + -17)?
-5
3 + -5 - 1 - (-3 + 5)
-5
Evaluate 1 + (2 - 2) - (-16 - -14).
3
-1 + 4 - 6 - 1
-4
Calculate -5 - (-2 + (2 - 1) + 2).
-6
0 + (-1 - (2 - (0 + 3)))
0
What is -4 + 17 + -10 + (-17 - -4)?
-10
Evaluate (1 - 2 - 2) + 6.
3
Evaluate -30 + 26 - (-13 + 1).
8
Evaluate 17 + -10 - (-1 + -1 + 6).
3
Evaluate 3 + -1 + 1 - 4.
-1
What is the value of -4 + 2 + -1 - -5?
2
What is the value of 4 - (7 - (-4 - -8)) - 4?
-3
What is -5 + -9 + 8 + 1?
-5
What is the value of -3 - (3 + -1 + 6 + -10)?
-1
Calculate 5 + 6 + -18 + 6.
-1
Evaluate 2 - (-4 - -6) - -3.
3
What is 1 + -11 + 9 - (1 + -9)?
7
What is 5 + -18 + (10 - 2)?
-5
Calculate (8 - 3 - 11) + 2.
-4
Calculate 2 + (0 - 5 - 1).
-4
Calculate -4 + 21 + (-8 - 0).
9
What is -9 - -9 - (4 - 0)?
-4
Evaluate -7 - -11 - 2 - 0.
2
Calculate -5 + -4 + -4 - -13.
0
Calculate 0 + (-1 - 0 - 0) + 6.
5
What is (0 - 3) + 3 - -5?
5
Evaluate -7 - ((-3 - -8) + -7).
-5
What is (0 - -2) + (13 - 16)?
-1
Evaluate 2 - -7 - 6 - 5.
-2
What is (-2 - 2) + (-5 - -6)?
-3
Evaluate 1 + (-1 - -3) - -1.
4
What is 172 + -166 + (-6 - (0 - 0))?
0
What is the value of -1 - (-2 + 2 + 0)?
-1
-8 + (-1 - -8) + -3
-4
-16 + 12 - (1 + -12) - 4
3
-2 + 4 + -1 + -2
-1
Calculate -2 + 0 + (-7 - (-10 + 4)).
-3
What is the value of -24 - -20 - (-9 - -1)?
4
What is (2 - 6) + (12 + -22 - -17)?
3
What is 1 - ((-8 - (-7 - -3)) + 5)?
0
What is (0 - (-8 + 4)) + 1?
5
Evaluate 0 - (1 + -1 + (0 - 3)).
3
What is the value of 4 + -3 + 2 + 1?
4
Evaluate -3 + 6 - (-1 - -12) - -2.
-6
What is -9 + 3 + (6 - 7)?
-7
Evaluate (-3 + 1 + 4 - 1) + -6.
-5
Calculate 3 - (-7 + (2 - -3)).
5
Calculate 5 - ((2 - -2) + 0 - 2).
3
What is 6 + -2 - (-1 + 5 + -2)?
2
Calculate (-7 - (-7 + -2)) + 0.
2
What is -54 + 63 - (1 + 10)?
-2
What is the value of 9 + 2 + -6 - -3?
8
What is -5 + 2 + (0 - -1)?
-2
Evaluate 2 + -1 - -4 - (4 - 4).
5
2 - (-3 - -1 - -2)
2
Evaluate -2 + 2 + (1 - 3) + 5.
3
What is -18 - -14 - (-7 - 1)?
4
What is 0 + 4 + (-12 - -10)?
2
What is the value of 10 - (0 + -5 + 5) - 4?
6
Calculate 1 + (-2 - -1) + 2 + -5.
-3
What is the value of (-20 - -34) + (-3 - 6)?
5
What is the value of 17 - 1 - (136 - 125)?
5
Calculate -12 - (8 + -5 + -6 + -2).
-7
Evaluate -1 - 1 - (-27 + 25) - -1.
1
What is the value of (-3 - -10) + -1 + -4 - -1?
3
Evaluate 1 + 2 + 4 + -8 - -10.
9
Calculate (75 - 68) + (0 - 5).
2
Calculate 1 + -3 + -3 - -4.
-1
Calculate -1 + -10 + 13 + 1 + 0.
3
Evaluate 8 - (13 + 5 + -9).
-1
Evaluate -17 - -5 - (-5 - 2) - -5.
0
Evaluate -1 - (-6 + 1 + 2).
2
What is -4 - (-18 + 9 + -3 - -5)?
3
What is (-1 - 4) + 0 + 1?
-4
3 - (-2 - (-2 + -2))
1
What is the value of 4 + 0 + -1 + -8 + -2?
-7
Calculate -3 + -2 + 1 - -4.
0
Calculate 16 + -12 + 9 - 4.
9
What is the value of 5 + -8 + 4 + -4?
-3
What is the value of -2 - (1 + 6 - (24 - 21))?
-6
-1 + 7 + (-3 - 14) + 1
-10
Evaluate -2 + 9 + -5 + 1.
3
What is -4 + 7 + (-6 - 0)?
-3
What is 10 - ((7 - -17) + -10)?
-4
What is 3 + -4 + (-6 - -3)?
-4
What is 3 - ((2 - (-4 + 1)) + -3)?
1
What is (26 - 18) + -4 + -4?
0
What is 25 + -40 - (0 + -9)?
-6
Calculate (3 - -1) + (3 - 5).
2
What is the value of (1 - 4) + 18 + -7?
8
What is 4 + -2 - (-1 + 7)?
-4
(0 + 2 - 5) + 5
2
-4 + (4 + (-3 - -3) - 1)
-1
Evaluate -2 + 5 + -8 + (-1 - 0).
-6
Evaluate 2 + (-6 - (-5 - -4)) + -1.
-4
3 - (0 + 8 - 12) - 7
0
What is the value of -4 + 1 + 6 + -4?
-1
Calculate 1 + -5 + (-4 - -7) - -6.
5
What is 2 - ((-5 - (1 - 3)) + 4)?
1
Evaluate 0 + -1 - (9 + -12 - -5).
-3
-6 + -2 - (-5 - 1 - -1)
-3
Evaluate 2 - (-5 - 1 - (-15 + 12)).
5
What is the value of (-10 - -3 - -3) + 1 + 0?
-3
-12 + (8 - 6) + 7
-3
What is 0 - (1 - -3) - -3?
-1
Evaluate 1 + (2 - (-6 - -5)).
4
What is 0 + 6 + 3 + -12?
-3
What is -6 + (-10 - -16) + 3?
3
What is -2 + -2 - 1 - -2?
-3
Evaluate (2 - -2) + (1 - 6).
-1
Evaluate -1 + -7 - 2 - -3.
-7
(2 - (-2 - -4)) + -2
-2
Calculate -2 - (6 + 8 + -5 + -3).
-8
Evaluate (5 - (1 - -1)) + 